{"id":355,"date":"2024-07-02T13:26:15","date_gmt":"2024-07-02T11:26:15","guid":{"rendered":"http:\/\/libertas.razvija.se\/?page_id=355"},"modified":"2025-02-14T18:36:08","modified_gmt":"2025-02-14T17:36:08","slug":"storia","status":"publish","type":"page","link":"https:\/\/libertaskopercapodistria.si\/it\/storia\/","title":{"rendered":"Storia"},"content":{"rendered":"<div class=\"gb-container gb-container-20158c3b history-item\">\n<div class=\"gb-container gb-container-369904c9 history-img\"><\/div>\n\n<div class=\"gb-container gb-container-48a406aa history-content\">\n\n<h5 class=\"wp-block-heading font-tertiary\">Met\u00e0 del XIX secolo<\/h5>\n\n\n\n<h2 class=\"wp-block-heading display-3\">Magazzino del sale<\/h2>\n\n\n\n<p>Il magazzino venne costruito nella prima met\u00e0 del XIX secolo per immagazzinare il sale. L\u2019edificio fu iedato dagli architetti Ferdinand Tumler e Josip Dostal.<\/p>\n\n\n\n<p><em>Fonte: Capodistria com\u2019era una volta<\/em><\/p>\n\n<\/div>\n<\/div>\n\n<div class=\"gb-container gb-container-89bbbb7e history-item\">\n<div class=\"gb-container gb-container-9eb0086a history-img\"><\/div>\n\n<div class=\"gb-container gb-container-e7a39326 history-content\">\n\n<h5 class=\"wp-block-heading font-tertiary\">1918-1947<\/h5>\n\n\n\n<h2 class=\"wp-block-heading display-3\">Club di canottaggio Libertas<\/h2>\n\n\n\n<p>Il magazzino diventa sede del club di canottaggio Libertas Capodistria.<\/p>\n\n\n\n<p><em>Foto: 1940, fonte: Franco Stener, C.C. Libertas Capodistria, 2019<\/em><\/p>\n\n<\/div>\n<\/div>\n\n<div class=\"gb-container gb-container-7093da9c history-item\">\n<div class=\"gb-container gb-container-26e4b808 history-img\"><\/div>\n\n<div class=\"gb-container gb-container-abf7e2ea history-content\">\n\n<h5 class=\"wp-block-heading font-tertiary\">1948 \u2013 2004<\/h5>\n\n\n\n<h2 class=\"wp-block-heading display-3\">Attivit\u00e0 portuale<\/h2>\n\n\n\n<p>All\u2019inizio l\u2019edificio Libertas veniva usato dalla Direzione delle riserve minerali per immagazzinare il cotone. Pi\u00f9 tardi il Porto di Capodistria lo us\u00f2 come garage per i trattori e i carelli elevatori per le necessit\u00e0 del terminal di merce generale, ma anche come officina di gommisti, addetti alla manutenzione ed elettricisti. L\u2019altra parte dell\u2019edificio, in direzione dell\u2019odierno terminal passeggeri, era destinata ad immagazzinare il vino.<\/p>\n\n<\/div>\n<\/div>\n\n<div class=\"gb-container gb-container-078257cd history-item\">\n<div class=\"gb-container gb-container-0d548cb5 history-img\"><\/div>\n\n<div class=\"gb-container gb-container-efdd1057 history-content\">\n\n<h5 class=\"wp-block-heading font-tertiary\">2004 &#8211; 2011<\/h5>\n\n\n\n<h2 class=\"wp-block-heading display-3\">Porto di Capodistria<\/h2>\n\n\n\n<p>Il Porto di Capodistria us\u00f2 l\u2019edificio fino al 2004, quanto il Libertas pass\u00f2 al Comune citt\u00e0 di Capodistria. Nel 2011 il Comune lo vendette all\u2019azienda edile Grafist di Capodistria.<\/p>\n\n\n\n<p><em>Foto: AlterMagic<\/em><\/p>\n\n<\/div>\n<\/div>\n\n<div class=\"gb-container gb-container-31da84b0 history-item\">\n<div class=\"gb-container gb-container-2ea9fda6 history-img\"><\/div>\n\n<div class=\"gb-container gb-container-87e320be history-content\">\n\n<h5 class=\"wp-block-heading font-tertiary\">2020 &#8211; 2024<\/h5>\n\n\n\n<h2 class=\"wp-block-heading display-3\">Attivit\u00e0 culturale<\/h2>\n\n\n\n<p>Nel 2020 il Comune citt\u00e0 di Capodistria ricompr\u00f2 la struttura con l\u2019intenzione di inserirvi un crocevia culturale della citt\u00e0 e realizzarvi un programma culturale.<\/p>\n\n\n\n<p><em>Foto: Festival IZIS<\/em><\/p>\n\n<\/div>\n<\/div>\n\n<div class=\"gb-container gb-container-2c11ef99 history-item\">\n<div class=\"gb-container gb-container-d4427bd8 history-img\"><\/div>\n\n<div class=\"gb-container gb-container-af97701b history-content\">\n\n<h5 class=\"wp-block-heading font-tertiary\">OGGI<\/h5>\n\n\n\n<h2 class=\"wp-block-heading display-3\">Nuova immagine<\/h2>\n\n\n\n<p>Attualmente il magazzino \u00e8 in fase di restauro.<\/p>\n\n\n\n<p>Il restauro dell\u2019edificio sar\u00e0 terminato presumibilmente nel 2026, quando riapriremo le nostre porte.<\/p>\n\n\n\n<p><em>Foto: Arp studio<\/em><\/p>\n\n<\/div>\n<\/div>","protected":false},"excerpt":{"rendered":"<p>Esplora il ricco passato del Libertas: dal magazzino del sale allo spazio per eventi unico. Scopri le tappe fondamentali che hanno segnato la sua trasformazione e plasmato la sua immagine attuale.<\/p>\n","protected":false},"author":1,"featured_media":0,"parent":0,"menu_order":0,"comment_status":"closed","ping_status":"closed","template":"template-page\/pg-fullwidth.php","meta":{"_acf_changed":false,"footnotes":""},"class_list":["post-355","page","type-page","status-publish","hentry"],"acf":[],"_links":{"self":[{"href":"https:\/\/libertaskopercapodistria.si\/it\/wp-json\/wp\/v2\/pages\/355","targetHints":{"allow":["GET"]}}],"collection":[{"href":"https:\/\/libertaskopercapodistria.si\/it\/wp-json\/wp\/v2\/pages"}],"about":[{"href":"https:\/\/libertaskopercapodistria.si\/it\/wp-json\/wp\/v2\/types\/page"}],"author":[{"embeddable":true,"href":"https:\/\/libertaskopercapodistria.si\/it\/wp-json\/wp\/v2\/users\/1"}],"replies":[{"embeddable":true,"href":"https:\/\/libertaskopercapodistria.si\/it\/wp-json\/wp\/v2\/comments?post=355"}],"version-history":[{"count":8,"href":"https:\/\/libertaskopercapodistria.si\/it\/wp-json\/wp\/v2\/pages\/355\/revisions"}],"predecessor-version":[{"id":487,"href":"https:\/\/libertaskopercapodistria.si\/it\/wp-json\/wp\/v2\/pages\/355\/revisions\/487"}],"wp:attachment":[{"href":"https:\/\/libertaskopercapodistria.si\/it\/wp-json\/wp\/v2\/media?parent=355"}],"curies":[{"name":"wp","href":"https:\/\/api.w.org\/{rel}","templated":true}]}}

<div class="gb-container gb-container-20158c3b history-item">
<div class="gb-container gb-container-369904c9 history-img"></div>

<div class="gb-container gb-container-48a406aa history-content">

<h5 class="wp-block-heading font-tertiary">Metà del XIX secolo</h5>



<h2 class="wp-block-heading display-3">Magazzino del sale</h2>



<p>Il magazzino venne costruito nella prima metà del XIX secolo per immagazzinare il sale. L’edificio fu iedato dagli architetti Ferdinand Tumler e Josip Dostal.</p>



<p><em>Fonte: Capodistria com’era una volta</em></p>

</div>
</div>

<div class="gb-container gb-container-89bbbb7e history-item">
<div class="gb-container gb-container-9eb0086a history-img"></div>

<div class="gb-container gb-container-e7a39326 history-content">

<h5 class="wp-block-heading font-tertiary">1918-1947</h5>



<h2 class="wp-block-heading display-3">Club di canottaggio Libertas</h2>



<p>Il magazzino diventa sede del club di canottaggio Libertas Capodistria.</p>



<p><em>Foto: 1940, fonte: Franco Stener, C.C. Libertas Capodistria, 2019</em></p>

</div>
</div>

<div class="gb-container gb-container-7093da9c history-item">
<div class="gb-container gb-container-26e4b808 history-img"></div>

<div class="gb-container gb-container-abf7e2ea history-content">

<h5 class="wp-block-heading font-tertiary">1948 – 2004</h5>



<h2 class="wp-block-heading display-3">Attività portuale</h2>



<p>All’inizio l’edificio Libertas veniva usato dalla Direzione delle riserve minerali per immagazzinare il cotone. Più tardi il Porto di Capodistria lo usò come garage per i trattori e i carelli elevatori per le necessità del terminal di merce generale, ma anche come officina di gommisti, addetti alla manutenzione ed elettricisti. L’altra parte dell’edificio, in direzione dell’odierno terminal passeggeri, era destinata ad immagazzinare il vino.</p>

</div>
</div>

<div class="gb-container gb-container-078257cd history-item">
<div class="gb-container gb-container-0d548cb5 history-img"></div>

<div class="gb-container gb-container-efdd1057 history-content">

<h5 class="wp-block-heading font-tertiary">2004 &#8211; 2011</h5>



<h2 class="wp-block-heading display-3">Porto di Capodistria</h2>



<p>Il Porto di Capodistria usò l’edificio fino al 2004, quanto il Libertas passò al Comune città di Capodistria. Nel 2011 il Comune lo vendette all’azienda edile Grafist di Capodistria.</p>



<p><em>Foto: AlterMagic</em></p>

</div>
</div>

<div class="gb-container gb-container-31da84b0 history-item">
<div class="gb-container gb-container-2ea9fda6 history-img"></div>

<div class="gb-container gb-container-87e320be history-content">

<h5 class="wp-block-heading font-tertiary">2020 &#8211; 2024</h5>



<h2 class="wp-block-heading display-3">Attività culturale</h2>



<p>Nel 2020 il Comune città di Capodistria ricomprò la struttura con l’intenzione di inserirvi un crocevia culturale della città e realizzarvi un programma culturale.</p>



<p><em>Foto: Festival IZIS</em></p>

</div>
</div>

<div class="gb-container gb-container-2c11ef99 history-item">
<div class="gb-container gb-container-d4427bd8 history-img"></div>

<div class="gb-container gb-container-af97701b history-content">

<h5 class="wp-block-heading font-tertiary">OGGI</h5>



<h2 class="wp-block-heading display-3">Nuova immagine</h2>



<p>Attualmente il magazzino è in fase di restauro.</p>



<p>Il restauro dell’edificio sarà terminato presumibilmente nel 2026, quando riapriremo le nostre porte.</p>



<p><em>Foto: Arp studio</em></p>

</div>
</div>
